{"id":14,"date":"2023-03-12T19:55:25","date_gmt":"2023-03-12T18:55:25","guid":{"rendered":"https:\/\/www.trennung-scheidung-aachen.de\/?page_id=14"},"modified":"2023-03-19T02:17:23","modified_gmt":"2023-03-19T01:17:23","slug":"ueber-uns","status":"publish","type":"page","link":"https:\/\/www.trennung-scheidung-aachen.de\/?page_id=14","title":{"rendered":"\u00dcber uns"},"content":{"rendered":"\t\t<div data-elementor-type=\"wp-page\" data-elementor-id=\"14\" class=\"elementor elementor-14\">\n\t\t\t\t\t\t<section class=\"elementor-section elementor-top-section elementor-element elementor-element-fc6466c elementor-section-boxed elementor-section-height-default elementor-section-height-default\" data-id=\"fc6466c\" data-element_type=\"section\">\n\t\t\t\t\t\t<div class=\"elementor-container elementor-column-gap-default\">\n\t\t\t\t\t<div class=\"elementor-column elementor-col-100 elementor-top-column elementor-element elementor-element-8bf8873\" data-id=\"8bf8873\" data-element_type=\"column\">\n\t\t\t<div class=\"elementor-widget-wrap elementor-element-populated\">\n\t\t\t\t\t\t<div class=\"elementor-element elementor-element-faf59e6 elementor-widget elementor-widget-text-editor\" data-id=\"faf59e6\" data-element_type=\"widget\" data-widget_type=\"text-editor.default\">\n\t\t\t\t<div class=\"elementor-widget-container\">\n\t\t\t\t\t\t\t\t\t<p>Im Arbeitskreis Trennung-Scheidung Aachen engagieren sich VertreterInnen von Beratungsstellen, Jugend\u00e4mtern, Familienrichter, vorwiegend im Familienrecht t\u00e4tige Rechtsanw\u00e4lte, psychologische Sachverst\u00e4ndige und Verfahrenbeist\u00e4nde.<\/p><p><span style=\"font-size: 14px; color: var( --e-global-color-text );\">Die regelm\u00e4\u00dfigen Treffen dienen der interdisziplin\u00e4ren Zusammenarbeit und dem Erfahrungsaustausch zwischen den verschiedenen Berufsgruppen. Weiter werden Informations- und Fortbildungsveranstaltungen f\u00fcr Fachleute und Betroffene organisiert.<\/span><\/p><p><span style=\"font-size: 14px; color: var( --e-global-color-text );\">Eine Zusammenstellung der vom Arbeitskreis organisierten Veranstaltungen finden Sie in der Rubrik &#8222;Termine&#8220;.<\/span><\/p><p><span style=\"font-size: 14px; color: var( --e-global-color-text );\">Um rat- und hilfesuchenden Menschen in Trennungs- und Scheidungssituationen den Zugang zu Informationen und Hilfsangeboten zu erleichtern, haben wir einen Beratungsf\u00fchrer mit den in Stadt und Kreis Aachen vorhandenen Beratungs- und Hilfsangeboten zusammengestellt.<\/span><\/p><p><span style=\"font-size: 14px; color: var( --e-global-color-text );\">Der Beratungsf\u00fchrer kann hier als <span style=\"text-decoration: underline;\"><a href=\"https:\/\/www.trennung-scheidung-aachen.de\/wp-content\/uploads\/2023\/03\/Beratungsfuehrer_Trennung_Scheidung.pdf\" target=\"_blank\" rel=\"noopener\">PDF-Datei<\/a><\/span> geladen werden, liegt allerdings auch bei den jeweiligen Beratungsstellen aus oder kann beim Gleichstellungsb\u00fcro der Stadt Aachen angefordert werden &#8211; Anforderungsformular.<\/span><\/p><p><span style=\"font-size: 14px; color: var( --e-global-color-text );\">Der Arbeitskreis hat eine Brosch\u00fcre &#8222;Kinderb\u00fccher zum Thema Trennung und Scheidung&#8220; herausgebracht. Die Brosch\u00fcre stellt einige Kinderb\u00fccher vor, die sich mit Trennung und Scheidung befassen. Die B\u00fccher sollen helfen, das Thema mit Kindern altersgerecht zu behandeln und zu besprechen. Als Vorlage k\u00f6nnen die B\u00fccher Kindern die M\u00f6glichkeit geben, sich mit der Situation in ihrer Familie und den damit verbundenen Gef\u00fchlen auseinanderzusetzen. Zudem unterst\u00fctzt ein solches Buch die Eltern dabei, mit ihren Kindern \u00fcber eine anstehende Trennung zu sprechen.<\/span><\/p><p><span style=\"font-size: 14px; color: var( --e-global-color-text );\">Die Brosch\u00fcre kann hier als <span style=\"text-decoration: underline;\"><a href=\"https:\/\/www.trennung-scheidung-aachen.de\/wp-content\/uploads\/2023\/03\/Broschuere_Kinderbuecher_TrennungScheidung.pdf\" target=\"_blank\" rel=\"noopener\">PDF-Datei<\/a><\/span> geladen werden oder kann beim Gleichstellungsb\u00fcro der Stadt Aachen angefordert werden unter: Tel.: 0241 &#8211; 432 &#8211; 7313 oder per Mail: <a href=\"mailto:gsb@mail.aachen.de\">gsb@mail.aachen.de<\/a>.<\/span><\/p>\t\t\t\t\t\t\t\t<\/div>\n\t\t\t\t<\/div>\n\t\t\t\t\t<\/div>\n\t\t<\/div>\n\t\t\t\t\t<\/div>\n\t\t<\/section>\n\t\t\t\t<\/div>\n\t\t","protected":false},"excerpt":{"rendered":"<p>Im Arbeitskreis Trennung-Scheidung Aachen engagieren sich VertreterInnen von Beratungsstellen, Jugend\u00e4mtern, Familienrichter, vorwiegend im Familienrecht t\u00e4tige Rechtsanw\u00e4lte, psychologische Sachverst\u00e4ndige und Verfahrenbeist\u00e4nde. Die regelm\u00e4\u00dfigen Treffen dienen der interdisziplin\u00e4ren Zusammenarbeit und dem Erfahrungsaustausch zwischen den verschiedenen Berufsgruppen. Weiter werden Informations- und Fortbildungsveranstaltungen f\u00fcr Fachleute und Betroffene organisiert. Eine Zusammenstellung der vom Arbeitskreis organisierten Veranstaltungen finden Sie in der [&hellip;]<\/p>\n","protected":false},"author":1,"featured_media":0,"parent":0,"menu_order":0,"comment_status":"closed","ping_status":"closed","template":"","meta":{"ocean_post_layout":"full-width","ocean_both_sidebars_style":"","ocean_both_sidebars_content_width":0,"ocean_both_sidebars_sidebars_width":0,"ocean_sidebar":"0","ocean_second_sidebar":"0","ocean_disable_margins":"on","ocean_add_body_class":"","ocean_shortcode_before_top_bar":"","ocean_shortcode_after_top_bar":"","ocean_shortcode_before_header":"","ocean_shortcode_after_header":"","ocean_has_shortcode":"","ocean_shortcode_after_title":"","ocean_shortcode_before_footer_widgets":"","ocean_shortcode_after_footer_widgets":"","ocean_shortcode_before_footer_bottom":"","ocean_shortcode_after_footer_bottom":"","ocean_display_top_bar":"default","ocean_display_header":"default","ocean_header_style":"","ocean_center_header_left_menu":"0","ocean_custom_header_template":"0","ocean_custom_logo":0,"ocean_custom_retina_logo":0,"ocean_custom_logo_max_width":0,"ocean_custom_logo_tablet_max_width":0,"ocean_custom_logo_mobile_max_width":0,"ocean_custom_logo_max_height":0,"ocean_custom_logo_tablet_max_height":0,"ocean_custom_logo_mobile_max_height":0,"ocean_header_custom_menu":"0","ocean_menu_typo_font_family":"0","ocean_menu_typo_font_subset":"","ocean_menu_typo_font_size":0,"ocean_menu_typo_font_size_tablet":0,"ocean_menu_typo_font_size_mobile":0,"ocean_menu_typo_font_size_unit":"px","ocean_menu_typo_font_weight":"","ocean_menu_typo_font_weight_tablet":"","ocean_menu_typo_font_weight_mobile":"","ocean_menu_typo_transform":"","ocean_menu_typo_transform_tablet":"","ocean_menu_typo_transform_mobile":"","ocean_menu_typo_line_height":0,"ocean_menu_typo_line_height_tablet":0,"ocean_menu_typo_line_height_mobile":0,"ocean_menu_typo_line_height_unit":"","ocean_menu_typo_spacing":0,"ocean_menu_typo_spacing_tablet":0,"ocean_menu_typo_spacing_mobile":0,"ocean_menu_typo_spacing_unit":"","ocean_menu_link_color":"","ocean_menu_link_color_hover":"","ocean_menu_link_color_active":"","ocean_menu_link_background":"","ocean_menu_link_hover_background":"","ocean_menu_link_active_background":"","ocean_menu_social_links_bg":"","ocean_menu_social_hover_links_bg":"","ocean_menu_social_links_color":"","ocean_menu_social_hover_links_color":"","ocean_disable_title":"default","ocean_disable_heading":"on","ocean_post_title":"","ocean_post_subheading":"","ocean_post_title_style":"centered","ocean_post_title_background_color":"","ocean_post_title_background":0,"ocean_post_title_bg_image_position":"","ocean_post_title_bg_image_attachment":"","ocean_post_title_bg_image_repeat":"","ocean_post_title_bg_image_size":"","ocean_post_title_height":0,"ocean_post_title_bg_overlay":0.5,"ocean_post_title_bg_overlay_color":"","ocean_disable_breadcrumbs":"default","ocean_breadcrumbs_color":"","ocean_breadcrumbs_separator_color":"","ocean_breadcrumbs_links_color":"","ocean_breadcrumbs_links_hover_color":"","ocean_display_footer_widgets":"off","ocean_display_footer_bottom":"off","ocean_custom_footer_template":"0","footnotes":""},"class_list":["post-14","page","type-page","status-publish","hentry","entry"],"_links":{"self":[{"href":"https:\/\/www.trennung-scheidung-aachen.de\/index.php?rest_route=\/wp\/v2\/pages\/14","targetHints":{"allow":["GET"]}}],"collection":[{"href":"https:\/\/www.trennung-scheidung-aachen.de\/index.php?rest_route=\/wp\/v2\/pages"}],"about":[{"href":"https:\/\/www.trennung-scheidung-aachen.de\/index.php?rest_route=\/wp\/v2\/types\/page"}],"author":[{"embeddable":true,"href":"https:\/\/www.trennung-scheidung-aachen.de\/index.php?rest_route=\/wp\/v2\/users\/1"}],"replies":[{"embeddable":true,"href":"https:\/\/www.trennung-scheidung-aachen.de\/index.php?rest_route=%2Fwp%2Fv2%2Fcomments&post=14"}],"version-history":[{"count":18,"href":"https:\/\/www.trennung-scheidung-aachen.de\/index.php?rest_route=\/wp\/v2\/pages\/14\/revisions"}],"predecessor-version":[{"id":304,"href":"https:\/\/www.trennung-scheidung-aachen.de\/index.php?rest_route=\/wp\/v2\/pages\/14\/revisions\/304"}],"wp:attachment":[{"href":"https:\/\/www.trennung-scheidung-aachen.de\/index.php?rest_route=%2Fwp%2Fv2%2Fmedia&parent=14"}],"curies":[{"name":"wp","href":"https:\/\/api.w.org\/{rel}","templated":true}]}}