{"id":18,"date":"2025-04-01T17:19:33","date_gmt":"2025-04-01T15:19:33","guid":{"rendered":"https:\/\/www.trennung-scheidung-aachen.de\/?page_id=18"},"modified":"2025-11-19T13:22:18","modified_gmt":"2025-11-19T12:22:18","slug":"termine","status":"publish","type":"page","link":"https:\/\/www.trennung-scheidung-aachen.de\/?page_id=18","title":{"rendered":"Termine"},"content":{"rendered":"\t\t<div data-elementor-type=\"wp-page\" data-elementor-id=\"18\" class=\"elementor elementor-18\">\n\t\t\t\t\t\t<section class=\"elementor-section elementor-top-section elementor-element elementor-element-57a0520 elementor-section-stretched elementor-section-boxed elementor-section-height-default elementor-section-height-default\" data-id=\"57a0520\" data-element_type=\"section\" data-settings=\"{&quot;stretch_section&quot;:&quot;section-stretched&quot;}\">\n\t\t\t\t\t\t<div class=\"elementor-container elementor-column-gap-default\">\n\t\t\t\t\t<div class=\"elementor-column elementor-col-100 elementor-top-column elementor-element elementor-element-880d18d\" data-id=\"880d18d\" data-element_type=\"column\">\n\t\t\t<div class=\"elementor-widget-wrap elementor-element-populated\">\n\t\t\t\t\t\t<div class=\"elementor-element elementor-element-8013125 elementor-widget elementor-widget-text-editor\" data-id=\"8013125\" data-element_type=\"widget\" data-widget_type=\"text-editor.default\">\n\t\t\t\t<div class=\"elementor-widget-container\">\n\t\t\t\t\t\t\t\t\t<h2>Achtung<b> Trennung! \u2013 Trennung mit Achtung\u2026<\/b><\/h2><p><span style=\"font-size: 14px; color: var( --e-global-color-text );\">Informationsveranstaltung des Arbeitskreises Trennung \/ Scheidung Aachen f\u00fcr sich trennende Paare und Eltern zu den Fragen:<\/span><\/p><p><span style=\"font-size: 14px; color: var( --e-global-color-text );\">Was \u00e4ndert sich f\u00fcr mich und meine Familie bei einer Trennung?<\/span><\/p><p>Was muss ich bedenken und beachten?<\/p><p>M\u00fcssen wir uns streiten, oder geht es auch anders?<\/p><p>\u2026 und all die vielen Fragen rund um die Trennung einer Familie und die daraus entstehenden Probleme beantworten.<\/p><p><span style=\"font-size: 14px; color: var( --e-global-color-text );\">Die Teilnahme ist kostenfrei. Beginn ist jeweils um 19.00 Uhr.\u00a0<\/span><\/p><p><span style=\"font-size: 14px; color: var( --e-global-color-text );\">\u00a0<\/span><\/p><h1><span style=\"font-size: 14px; color: var( --e-global-color-text );\">Termine 2025<\/span><\/h1><p><span style=\"font-size: 14px; color: var( --e-global-color-text );\">Informationsveranstaltung des Arbeitskreises Trennung und Scheidung f\u00fcr sich trennende Paare und Eltern.<\/span><\/p><p><span style=\"font-size: 14px; color: var( --e-global-color-text );\">Am <strong>Dienstag, den 02.12.2025 um 19.00 Uhr<\/strong> veranstaltet der Arbeitskreis Trennung-Scheidung-Aachen im<\/span><\/p><p><b><span style=\"font-size: 13.5pt; font-family: 'Arial Narrow',sans-serif; color: red;\">Volkshochschule (vhs), Raum 214, in der Peterstr. 21-25, Aachen\u00a0<\/span><\/b><\/p><p><span style=\"color: var( --e-global-color-text ); font-size: 14px;\">eine kostenfreie Infoveranstaltung<\/span><span style=\"color: var( --e-global-color-text ); font-size: 14px;\">\u00a0zu den bei Trennung und Scheidung entstehenden Fragen.<\/span><\/p><p><span style=\"font-size: 14px; color: var( --e-global-color-text );\">\u00a0<\/span><\/p><p><span style=\"font-size: 14px; color: var( --e-global-color-text );\">Ihre Fragen beantworten<\/span><\/p><p><strong>Thorsten Galinsky\u00a0<\/strong><strong>\u2013 Fachanwalt f\u00fcr Familienrecht\u00a0<\/strong><\/p><p><strong>Theresia Kerber-Nordsieck M.Sc. \u2013 Supervisorin, Diplom-Sozialp\u00e4dagogin<\/strong><\/p><p><span style=\"font-size: 14px; color: var( --e-global-color-text );\">Eine Anmeldung ist nicht erforderlich.<\/span><\/p><p><span style=\"font-size: 14px; color: var( --e-global-color-text );\">Die Teilnahme ist kostenfrei.<\/span><\/p><p><span style=\"font-size: 14px; color: var( --e-global-color-text );\">Weitere Termine werden rechtzeitig bekannt gegeben.<\/span><\/p><div>\u00a0<\/div>\t\t\t\t\t\t\t\t<\/div>\n\t\t\t\t<\/div>\n\t\t\t\t\t<\/div>\n\t\t<\/div>\n\t\t\t\t\t<\/div>\n\t\t<\/section>\n\t\t\t\t<\/div>\n\t\t","protected":false},"excerpt":{"rendered":"<p>Achtung Trennung! \u2013 Trennung mit Achtung\u2026 Informationsveranstaltung des Arbeitskreises Trennung \/ Scheidung Aachen f\u00fcr sich trennende Paare und Eltern zu den Fragen: Was \u00e4ndert sich f\u00fcr mich und meine Familie bei einer Trennung? Was muss ich bedenken und beachten? M\u00fcssen wir uns streiten, oder geht es auch anders? \u2026 und all die vielen Fragen rund [&hellip;]<\/p>\n","protected":false},"author":1,"featured_media":0,"parent":0,"menu_order":0,"comment_status":"closed","ping_status":"closed","template":"","meta":{"ocean_post_layout":"full-width","ocean_both_sidebars_style":"","ocean_both_sidebars_content_width":0,"ocean_both_sidebars_sidebars_width":0,"ocean_sidebar":"0","ocean_second_sidebar":"0","ocean_disable_margins":"enable","ocean_add_body_class":"","ocean_shortcode_before_top_bar":"","ocean_shortcode_after_top_bar":"","ocean_shortcode_before_header":"","ocean_shortcode_after_header":"","ocean_has_shortcode":"","ocean_shortcode_after_title":"","ocean_shortcode_before_footer_widgets":"","ocean_shortcode_after_footer_widgets":"","ocean_shortcode_before_footer_bottom":"","ocean_shortcode_after_footer_bottom":"","ocean_display_top_bar":"off","ocean_display_header":"default","ocean_header_style":"","ocean_center_header_left_menu":"0","ocean_custom_header_template":"0","ocean_custom_logo":0,"ocean_custom_retina_logo":0,"ocean_custom_logo_max_width":0,"ocean_custom_logo_tablet_max_width":0,"ocean_custom_logo_mobile_max_width":0,"ocean_custom_logo_max_height":0,"ocean_custom_logo_tablet_max_height":0,"ocean_custom_logo_mobile_max_height":0,"ocean_header_custom_menu":"0","ocean_menu_typo_font_family":"0","ocean_menu_typo_font_subset":"","ocean_menu_typo_font_size":0,"ocean_menu_typo_font_size_tablet":0,"ocean_menu_typo_font_size_mobile":0,"ocean_menu_typo_font_size_unit":"px","ocean_menu_typo_font_weight":"","ocean_menu_typo_font_weight_tablet":"","ocean_menu_typo_font_weight_mobile":"","ocean_menu_typo_transform":"","ocean_menu_typo_transform_tablet":"","ocean_menu_typo_transform_mobile":"","ocean_menu_typo_line_height":0,"ocean_menu_typo_line_height_tablet":0,"ocean_menu_typo_line_height_mobile":0,"ocean_menu_typo_line_height_unit":"","ocean_menu_typo_spacing":0,"ocean_menu_typo_spacing_tablet":0,"ocean_menu_typo_spacing_mobile":0,"ocean_menu_typo_spacing_unit":"","ocean_menu_link_color":"","ocean_menu_link_color_hover":"","ocean_menu_link_color_active":"","ocean_menu_link_background":"","ocean_menu_link_hover_background":"","ocean_menu_link_active_background":"","ocean_menu_social_links_bg":"","ocean_menu_social_hover_links_bg":"","ocean_menu_social_links_color":"","ocean_menu_social_hover_links_color":"","ocean_disable_title":"enable","ocean_disable_heading":"on","ocean_post_title":"","ocean_post_subheading":"","ocean_post_title_style":"centered","ocean_post_title_background_color":"","ocean_post_title_background":0,"ocean_post_title_bg_image_position":"","ocean_post_title_bg_image_attachment":"","ocean_post_title_bg_image_repeat":"","ocean_post_title_bg_image_size":"","ocean_post_title_height":0,"ocean_post_title_bg_overlay":0.5,"ocean_post_title_bg_overlay_color":"","ocean_disable_breadcrumbs":"default","ocean_breadcrumbs_color":"","ocean_breadcrumbs_separator_color":"","ocean_breadcrumbs_links_color":"","ocean_breadcrumbs_links_hover_color":"","ocean_display_footer_widgets":"off","ocean_display_footer_bottom":"off","ocean_custom_footer_template":"0","footnotes":""},"class_list":["post-18","page","type-page","status-publish","hentry","entry"],"_links":{"self":[{"href":"https:\/\/www.trennung-scheidung-aachen.de\/index.php?rest_route=\/wp\/v2\/pages\/18","targetHints":{"allow":["GET"]}}],"collection":[{"href":"https:\/\/www.trennung-scheidung-aachen.de\/index.php?rest_route=\/wp\/v2\/pages"}],"about":[{"href":"https:\/\/www.trennung-scheidung-aachen.de\/index.php?rest_route=\/wp\/v2\/types\/page"}],"author":[{"embeddable":true,"href":"https:\/\/www.trennung-scheidung-aachen.de\/index.php?rest_route=\/wp\/v2\/users\/1"}],"replies":[{"embeddable":true,"href":"https:\/\/www.trennung-scheidung-aachen.de\/index.php?rest_route=%2Fwp%2Fv2%2Fcomments&post=18"}],"version-history":[{"count":87,"href":"https:\/\/www.trennung-scheidung-aachen.de\/index.php?rest_route=\/wp\/v2\/pages\/18\/revisions"}],"predecessor-version":[{"id":431,"href":"https:\/\/www.trennung-scheidung-aachen.de\/index.php?rest_route=\/wp\/v2\/pages\/18\/revisions\/431"}],"wp:attachment":[{"href":"https:\/\/www.trennung-scheidung-aachen.de\/index.php?rest_route=%2Fwp%2Fv2%2Fmedia&parent=18"}],"curies":[{"name":"wp","href":"https:\/\/api.w.org\/{rel}","templated":true}]}}